 18 a factor of 557?
False
Is 1544 a multiple of 124?
False
Is 27135 a multiple of 12?
False
Is 2256 a multiple of 188?
True
Is 72 a factor of 11880?
True
Is 60 a multiple of 30?
True
Is 1078 a multiple of 22?
True
Is 39169 a multiple of 13?
True
Is 821 a multiple of 44?
False
Is 53 a factor of 901?
True
Is 9 a factor of 2304?
True
Is 1953 a multiple of 8?
False
Is 66 a multiple of 3?
True
Is 16 a factor of 624?
True
Does 7 divide 512?
False
Is 4 a factor of 150?
False
Does 10 divide 5310?
True
Does 14 divide 70411?
False
Does 49 divide 31703?
True
Is 36 a factor of 26733?
False
Does 153 divide 5105?
False
Is 3172 a multiple of 26?
True
Is 27 a factor of 43875?
True
Is 14 a factor of 1526?
True
Does 44 divide 8559?
False
Is 358 a factor of 91702?
False
Is 1559 a multiple of 4?
False
Is 1458 a multiple of 19?
False
Is 6652 a multiple of 7?
False
Is 939 a multiple of 31?
False
Is 21 a factor of 3135?
False
Does 53 divide 13745?
False
Is 2562 a multiple of 77?
False
Is 40 a factor of 2320?
True
Does 10 divide 5430?
True
Is 13 a factor of 4134?
True
Is 9 a factor of 877?
False
Does 4 divide 240?
True
Is 37 a factor of 6224?
False
Is 19832 a multiple of 67?
True
Is 10 a factor of 18050?
True
Is 11144 a multiple of 16?
False
Does 14 divide 5425?
False
Does 9 divide 54?
True
Is 8622 a multiple of 18?
True
Is 35 a factor of 910?
True
Is 11393 a multiple of 18?
False
Does 21 divide 251?
False
Is 7346 a multiple of 48?
False
Is 20010 a multiple of 145?
True
Does 25 divide 69594?
False
Is 3463 a multiple of 4?
False
Does 39 divide 1413?
False
Is 2161 a multiple of 21?
False
Is 6 a factor of 4773?
False
Is 3450 a multiple of 50?
True
Does 7 divide 12187?
True
Does 20 divide 31700?
True
Is 7 a factor of 7777?
True
Is 4134 a multiple of 26?
True
Does 221 divide 9061?
True
Is 2175 a multiple of 25?
True
Is 3108 a multiple of 12?
True
Is 495 a multiple of 7?
False
Does 79 divide 37742?
False
Is 14369 a multiple of 199?
False
Is 25 a factor of 18750?
True
Does 45 divide 951?
False
Is 5313 a multiple of 21?
True
Does 101 divide 81305?
True
Does 26 divide 30874?
False
Is 18 a factor of 65880?
True
Is 5 a factor of 120?
True
Does 32 divide 14865?
False
Does 7 divide 2814?
True
Is 17 a factor of 223?
False
Is 758 a multiple of 14?
False
Is 8 a factor of 6862?
False
Is 36 a factor of 737?
False
Is 46189 a multiple of 41?
False
Is 38136 a multiple of 56?
True
Is 34060 a multiple of 7?
False
Is 28 a factor of 728?
True
Does 14 divide 252?
True
Is 78 a factor of 23166?
True
Is 29 a factor of 1218?
True
Is 70 a factor of 136?
False
Does 40 divide 12506?
False
Does 10 divide 278?
False
Is 33 a factor of 3576?
False
Is 4053 even?
False
Is 40 a factor of 1631?
False
Is 62 a factor of 169?
False
Does 6 divide 209?
False
Is 2 a factor of 677?
False
Does 14 divide 535?
False
Does 121 divide 24563?
True
Is 14 a factor of 24472?
True
Does 44 divide 12672?
True
Does 5 divide 4054?
False
Is 29627 a multiple of 13?
True
Is 3220 a multiple of 92?
True
Is 33 a factor of 11286?
True
Is 1717 a multiple of 7?
False
Does 15 divide 63343?
False
Is 2497 a multiple of 10?
False
Is 2744 a multiple of 10?
False
Is 2992 a multiple of 44?
True
Does 22 divide 1615?
False
Is 162 a multiple of 16?
False
Does 19 divide 226?
False
Is 10 a factor of 10610?
True
Is 34 a factor of 2414?
True
Is 85 a factor of 72590?
True
Is 13 a factor of 2574?
True
Does 73 divide 10366?
True
Is 24 a factor of 9717?
False
Is 15664 a multiple of 22?
True
Is 7 a factor of 696?
False
Does 16 divide 89?
False
Does 10 divide 600?
True
Is 204 a multiple of 7?
False
Does 121 divide 3332?
False
Does 158 divide 36507?
False
Is 70 a factor of 1077?
False
Is 20064 a multiple of 88?
True
Is 5615 a multiple of 7?
False
Is 15155 a multiple of 7?
True
Is 1631 a multiple of 4?
False
Is 17 a factor of 21012?
True
Is 5 a factor of 245?
True
Is 3 a factor of 615?
True
Does 3 divide 3152?
False
Is 33 a multiple of 8?
False
Is 5 a factor of 41?
False
Is 8574 a multiple of 6?
True
Does 15 divide 770?
False
Is 1580 a multiple of 4?
True
Is 2040 a multiple of 20?
True
Does 22 divide 3014?
True
Is 15 a factor of 3870?
True
Does 2 divide 197?
False
Does 11 divide 2937?
True
Is 101 a factor of 340?
False
Is 33 a factor of 264?
True
Is 8 a factor of 904?
True
Does 41 divide 8200?
True
Is 73350 a multiple of 25?
True
Does 37 divide 839?
False
Does 92 divide 4545?
False
Is 11435 a multiple of 23?
False
Does 23 divide 3565?
True
Is 385 a multiple of 77?
True
Is 21 a factor of 1617?
True
Is 1083 a multiple of 49?
False
Does 62 divide 1426?
True
Is 8 a factor of 160?
True
Does 13 divide 11934?
True
Does 21 divide 4047?
False
Does 43 divide 1081?
False
Does 9 divide 603?
True
Is 45 a factor of 3764?
False
Does 26 divide 3406?
True
Is 26180 a multiple of 85?
True
Is 16 a multiple of 4?
True
Is 1281 a multiple of 15?
False
Is 32 a factor of 20929?
False
Is 15 a factor of 143?
False
Does 6 divide 910?
False
Is 14 a factor of 2198?
True
Is 35 a factor of 59610?
False
Is 24603 a multiple of 139?
True
Is 69626 a multiple of 8?
False
Is 1070 a multiple of 12?
False
Does 12 divide 5184?
True
Is 83 a factor of 24570?
False
Is 752 a multiple of 91?
False
Does 35 divide 396?
False
Does 111 divide 24864?
True
Does 10 divide 200?
True
Is 20 a factor of 660?
True
Is 15 a factor of 12195?
True
Does 23 divide 62?
False
Is 7221 a multiple of 87?
True
Is 41701 a multiple of 17?
True
Does 71 divide 32660?
True
Does 6 divide 186?
True
Does 24 divide 2461?
False
Is 96 a multiple of 3?
True
Is 23 a factor of 791?
False
Is 84 a factor of 14236?
False
Is 76265 a multiple of 11?
False
Is 36 a factor of 5076?
True
Is 4 a factor of 603?
False
Does 18 divide 630?
True
Is 100 a factor of 31100?
True
Is 228 a multiple of 4?
True
Is 564 a multiple of 6?
True
Is 125 a factor of 1750?
True
Does 27 divide 99468?
True
Is 7 a factor of 1617?
True
Is 10710 a multiple of 45?
True
Does 103 divide 1199?
False
Is 79 a factor of 1106?
True
Is 101689 a multiple of 252?
False
Is 4708 a multiple of 11?
True
Is 576 a multiple of 81?
False
Does 59 divide 46079?
True
Is 14396 a multiple of 122?
True
Is 363 a multiple of 7?
False
Is 5 a factor of 39?
False
Does 66 divide 1940?
False
Does 26 divide 3692?
True
Does 7 divide 266?
True
Does 74 divide 59496?
True
Is 47805 a multiple of 5?
True
Is 32 a factor of 4672?
True
Does 27 divide 1157?
False
Is 549 a multiple of 54?
False
Does 72 divide 6048?
True
Is 16 a factor of 7280?
True
Is 46 a factor of 30866?
True
Does 135 divide 17405?
False
Does 6 divide 1291?
False
Does 41 divide 984?
True
Is 87 a multiple of 2?
False
Is 1260 a multiple of 12?
True
Is 5 a factor of 5045?
True
Is 582 a multiple of 13?
False
Is 736 a multiple of 46?
True
Is 34 a factor of 986?
True
Does 106 divide 42852?
False
Does 52 divide 1040?
True
Does 19 divide 285?
True
Does 35 divide 6650?
True
Does 179 divide 13758?
False
Is 8920 a multiple of 8?
True
Does 17 divide 2550?
True
Is 1637 a multiple of 10?
False
Does 12 divide 1194?
False
Is 111 a factor of 28781?
False
Is 11 a factor of 1142?
False
Does 15 divide 2595?
True
Is 13 a factor of 637?
True
Does 96 divide 8736?
True
Is 3555 a multiple of 63?
False
Is 21690 a multiple of 61?
False
Is 8640 a multiple of 173?
False
Is 2 a factor of 58?
True
Is 196 a multiple of 7?
True
Is 3018 a multiple of 11?
False
Is 60 a factor of 13337?
False
Is 1386 a multiple of 21?
True
Is 25 a factor of 341?
False
Is 21 a factor of 75798?
False
Is 10579 a multiple of 19?
False
Is 126 a factor of 2169?
False
Does 28 divide 13304?
False
Does 263 divide 88768?
False
Is 28991 a multiple of 97?
False
Is 28 a factor of 896?
True
Is 815 a multiple of 47?
False
Is 112 a multiple of 11?
False
Is 63 a factor of 974?
False
Is 47620 a multiple of 46?
False
Is 64 a factor of 84718?
False
Is 27 a multiple of 3?
True
Is 21 a factor of 520?
False
Does 129 divide 31605?
True
Does 2 divide 10653?
False
Is 57384 a multiple of 15?
False
Is 3 a factor of 361?
False
Is 1038 a multiple of 34?
False
Does 6 divide 345?
False
Is 15 a factor of 1530?
True
Does 7 divide 11978?
False
Is 1808 a multiple of 11?
False
Is 107 a multiple of 5?
False
Is 20 a factor of 8590?
False
Is 20975 a multiple of 456?
False
Is 9 a factor of 108?
True
Does 18 divide 27648?
True
Is 12 a fac